{"id":154,"date":"2026-01-29T23:11:18","date_gmt":"2026-01-30T02:11:18","guid":{"rendered":"https:\/\/diagnova.com.ar\/?page_id=154"},"modified":"2026-01-30T00:15:53","modified_gmt":"2026-01-30T03:15:53","slug":"novedades","status":"publish","type":"page","link":"https:\/\/diagnova.com.ar\/index.php\/novedades\/","title":{"rendered":"Novedades"},"content":{"rendered":"\t\t<div data-elementor-type=\"wp-page\" data-elementor-id=\"154\" class=\"elementor elementor-154\" data-elementor-post-type=\"page\">\n\t\t\t\t<div data-particle_enable=\"false\" data-particle-mobile-disabled=\"false\" class=\"elementor-element elementor-element-ea930c1 e-flex e-con-boxed e-con e-parent\" data-id=\"ea930c1\" data-element_type=\"container\" data-e-type=\"container\">\n\t\t\t\t\t<div class=\"e-con-inner\">\n\t\t\t\t<div class=\"elementor-element elementor-element-5ba4423 elementor--h-position-left elementor--v-position-bottom elementor-arrows-position-inside elementor-pagination-position-inside elementor-widget elementor-widget-slides\" data-id=\"5ba4423\" data-element_type=\"widget\" data-e-type=\"widget\" id=\"slider-home\" data-settings=\"{&quot;navigation&quot;:&quot;both&quot;,&quot;autoplay&quot;:&quot;yes&quot;,&quot;pause_on_hover&quot;:&quot;yes&quot;,&quot;pause_on_interaction&quot;:&quot;yes&quot;,&quot;autoplay_speed&quot;:5000,&quot;infinite&quot;:&quot;yes&quot;,&quot;transition&quot;:&quot;slide&quot;,&quot;transition_speed&quot;:500}\" data-widget_type=\"slides.default\">\n\t\t\t\t\t\t\t\t\t\t<div class=\"elementor-slides-wrapper elementor-main-swiper swiper\" role=\"region\" aria-roledescription=\"carousel\" aria-label=\"Slides\" dir=\"ltr\" data-animation=\"fadeInUp\">\r\n\t\t\t\t<div class=\"swiper-wrapper elementor-slides\">\r\n\t\t\t\t\t\t\t\t\t\t<div class=\"elementor-repeater-item-75978d5 swiper-slide\" role=\"group\" aria-roledescription=\"slide\"><div class=\"swiper-slide-bg\" role=\"img\" aria-label=\"slider4\"><\/div><div class=\"swiper-slide-inner\" ><div class=\"swiper-slide-contents\"><div class=\"elementor-slide-heading\">Diagnova<\/div><div class=\"elementor-slide-description\">NOVEDADES<\/div><\/div><\/div><\/div>\t\t\t\t<\/div>\r\n\t\t\t\t\t\t\t<\/div>\r\n\t\t\t\t\t\t\t\t<\/div>\n\t\t\t\t<div class=\"elementor-element elementor-element-c613b9f elementor-widget elementor-widget-heading\" data-id=\"c613b9f\" data-element_type=\"widget\" data-e-type=\"widget\" data-widget_type=\"heading.default\">\n\t\t\t\t\t<h3 class=\"elementor-heading-title elementor-size-default\">C\u00f3mo funciona un visualizador de venas\n<\/h3>\t\t\t\t<\/div>\n\t\t\t\t\t<\/div>\n\t\t\t\t<\/div>\n\t\t<div data-particle_enable=\"false\" data-particle-mobile-disabled=\"false\" class=\"elementor-element elementor-element-2adfca6 e-con-full e-flex e-con e-parent\" data-id=\"2adfca6\" data-element_type=\"container\" data-e-type=\"container\" data-settings=\"{&quot;background_background&quot;:&quot;classic&quot;}\">\n\t\t<div data-particle_enable=\"false\" data-particle-mobile-disabled=\"false\" class=\"elementor-element elementor-element-1e77a2b e-flex e-con-boxed e-con e-child\" data-id=\"1e77a2b\" data-element_type=\"container\" data-e-type=\"container\">\n\t\t\t\t\t<div class=\"e-con-inner\">\n\t\t\t\t<div class=\"elementor-element elementor-element-30beb04 elementor-widget elementor-widget-text-editor\" data-id=\"30beb04\" data-element_type=\"widget\" data-e-type=\"widget\" data-widget_type=\"text-editor.default\">\n\t\t\t\t\t\t\t\t\t<p>En la pr\u00e1ctica m\u00e9dica, localizar venas puede ser un desaf\u00edo, especialmente en pacientes con venas poco visibles, ni\u00f1os o adultos mayores. Los visualizadores de venas simplifican este procedimiento al proyectar en la piel un mapa en tiempo real de la red venosa superficial, brindando seguridad y confianza tanto al profesional como al paciente.<br \/><br \/><strong>Principio de funcionamiento<\/strong><br \/>El dispositivo utiliza luz infrarroja cercana (NIR), que penetra la piel y es absorbida de manera diferente por la hemoglobina en la sangre y por los tejidos circundantes. Esa diferencia se interpreta y se proyecta sobre la superficie de la piel, mostrando con claridad la ubicaci\u00f3n de las venas.<br \/><br \/><strong>Beneficios principales<\/strong><br \/>\u2022 Mayor precisi\u00f3n y rapidez en la punci\u00f3n venosa.<br \/>\u2022 Menor incomodidad y ansiedad para los pacientes.<br \/>\u2022 Apoyo a profesionales en formaci\u00f3n y a personal con menos experiencia.<br \/>\u2022 Resultados notables en casos de venas m\u00f3viles, edema, ni\u00f1os o pacientes mayores.<br \/><br \/><strong>Uso pr\u00e1ctico<\/strong><br \/>El visualizador es port\u00e1til y sencillo de operar: puede usarse en la mano o montarse en soportes m\u00f3viles. Adem\u00e1s, algunos modelos permiten ajustar brillo, color y tama\u00f1o de la imagen, adapt\u00e1ndose a cada situaci\u00f3n cl\u00ednica.<br \/>En resumen, los visualizadores de venas son una herramienta cada vez m\u00e1s adoptada en hospitales, cl\u00ednicas y consultorios porque reducen intentos fallidos, optimizan el tiempo de los procedimientos y mejoran la experiencia del paciente<\/p>\t\t\t\t\t\t\t\t<\/div>\n\t\t\t\t\t<\/div>\n\t\t\t\t<\/div>\n\t\t\t\t<\/div>\n\t\t<div data-particle_enable=\"false\" data-particle-mobile-disabled=\"false\" class=\"elementor-element elementor-element-f95cd8d e-flex e-con-boxed e-con e-parent\" data-id=\"f95cd8d\" data-element_type=\"container\" data-e-type=\"container\" data-settings=\"{&quot;background_background&quot;:&quot;classic&quot;}\">\n\t\t\t\t\t<div class=\"e-con-inner\">\n\t\t\t\t<div class=\"elementor-element elementor-element-7b36b53 elementor-grid-3 elementor-grid-tablet-2 elementor-grid-mobile-1 elementor-widget elementor-widget-loop-grid\" data-id=\"7b36b53\" data-element_type=\"widget\" data-e-type=\"widget\" data-settings=\"{&quot;template_id&quot;:173,&quot;pagination_type&quot;:&quot;numbers&quot;,&quot;_skin&quot;:&quot;post&quot;,&quot;columns&quot;:&quot;3&quot;,&quot;columns_tablet&quot;:&quot;2&quot;,&quot;columns_mobile&quot;:&quot;1&quot;,&quot;edit_handle_selector&quot;:&quot;[data-elementor-type=\\&quot;loop-item\\&quot;]&quot;,&quot;pagination_load_type&quot;:&quot;page_reload&quot;,&quot;row_gap&quot;:{&quot;unit&quot;:&quot;px&quot;,&quot;size&quot;:&quot;&quot;,&quot;sizes&quot;:[]},&quot;row_gap_tablet&quot;:{&quot;unit&quot;:&quot;px&quot;,&quot;size&quot;:&quot;&quot;,&quot;sizes&quot;:[]},&quot;row_gap_mobile&quot;:{&quot;unit&quot;:&quot;px&quot;,&quot;size&quot;:&quot;&quot;,&quot;sizes&quot;:[]}}\" data-widget_type=\"loop-grid.post\">\n\t\t\t\t<div class=\"elementor-widget-container\">\n\t\t\t\t\t\t\t<div class=\"elementor-loop-container elementor-grid\" role=\"list\">\r\n\t\t<style id=\"loop-173\">.elementor-widget-container .eael-protected-content-message{font-family:var( --e-global-typography-secondary-font-family ), Sans-serif;font-weight:var( --e-global-typography-secondary-font-weight );}.elementor-widget-container .protected-content-error-msg{font-family:var( --e-global-typography-secondary-font-family ), Sans-serif;font-weight:var( --e-global-typography-secondary-font-weight );}.elementor-173 .elementor-element.elementor-element-de0f9ae{--display:flex;}.elementor-widget-theme-post-title .elementor-heading-title{font-family:var( --e-global-typography-primary-font-family ), Sans-serif;font-weight:var( --e-global-typography-primary-font-weight );color:var( --e-global-color-primary );}.elementor-widget-theme-post-title .eael-protected-content-message{font-family:var( --e-global-typography-secondary-font-family ), Sans-serif;font-weight:var( --e-global-typography-secondary-font-weight );}.elementor-widget-theme-post-title .protected-content-error-msg{font-family:var( --e-global-typography-secondary-font-family ), Sans-serif;font-weight:var( --e-global-typography-secondary-font-weight );}.elementor-173 .elementor-element.elementor-element-d858085 .elementor-heading-title{font-family:\"IBM Plex Sans Arabic\", Sans-serif;font-weight:600;text-transform:uppercase;color:#000000;}.elementor-173 .elementor-element.elementor-element-d858085 .elementor-heading-title a:hover, .elementor-173 .elementor-element.elementor-element-d858085 .elementor-heading-title a:focus{color:#5721A5;}.elementor-173 .elementor-element.elementor-element-d858085{margin:0px 0px calc(var(--kit-widget-spacing, 0px) + -9px) 0px;}.elementor-widget-jet-listing-dynamic-image .eael-protected-content-message{font-family:var( --e-global-typography-secondary-font-family ), Sans-serif;font-weight:var( --e-global-typography-secondary-font-weight );}.elementor-widget-jet-listing-dynamic-image .protected-content-error-msg{font-family:var( --e-global-typography-secondary-font-family ), Sans-serif;font-weight:var( --e-global-typography-secondary-font-weight );}.elementor-173 .elementor-element.elementor-element-0a60374 .jet-listing-dynamic-image{justify-content:flex-start;}.elementor-173 .elementor-element.elementor-element-0a60374 .jet-listing-dynamic-image__figure{align-items:flex-start;}.elementor-173 .elementor-element.elementor-element-0a60374 .jet-listing-dynamic-image a{display:flex;justify-content:flex-start;width:90%;}.elementor-173 .elementor-element.elementor-element-0a60374 .jet-listing-dynamic-image img{width:90%;border-style:solid;border-color:#9F75F9;}.elementor-173 .elementor-element.elementor-element-0a60374 .jet-listing-dynamic-image__caption{text-align:left;}.elementor-173 .elementor-element.elementor-element-0a60374{--e-transform-transition-duration:400ms;border-style:none;}<\/style>\t\t<div data-elementor-type=\"loop-item\" data-elementor-id=\"173\" class=\"elementor elementor-173 e-loop-item e-loop-item-202 post-202 post type-post status-publish format-standard has-post-thumbnail hentry category-uncategorized\" data-elementor-post-type=\"elementor_library\" data-custom-edit-handle=\"1\">\r\n\t\t\t<div data-particle_enable=\"false\" data-particle-mobile-disabled=\"false\" class=\"elementor-element elementor-element-de0f9ae e-flex e-con-boxed e-con e-parent\" data-id=\"de0f9ae\" data-element_type=\"container\" data-e-type=\"container\">\n\t\t\t\t\t<div class=\"e-con-inner\">\n\t\t\t\t<div class=\"elementor-element elementor-element-d858085 elementor-widget elementor-widget-theme-post-title elementor-page-title elementor-widget-heading\" data-id=\"d858085\" data-element_type=\"widget\" data-e-type=\"widget\" data-widget_type=\"theme-post-title.default\">\n\t\t\t\t\t<h6 class=\"elementor-heading-title elementor-size-default\"><a href=\"https:\/\/diagnova.com.ar\/index.php\/2026\/01\/30\/novedad-2\/\">Novedad<\/a><\/h6>\t\t\t\t<\/div>\n\t\t\t\t<div class=\"elementor-element elementor-element-0a60374 eael_liquid_glass-effect1 eael_liquid_glass_shadow-effect1 elementor-widget elementor-widget-jet-listing-dynamic-image\" data-id=\"0a60374\" data-element_type=\"widget\" data-e-type=\"widget\" data-widget_type=\"jet-listing-dynamic-image.default\">\n\t\t\t\t\t<div class=\"jet-listing jet-listing-dynamic-image\" ><a href=\"https:\/\/diagnova.com.ar\/index.php\/2026\/01\/30\/novedad-2\/\" class=\"jet-listing-dynamic-image__link\"><img fetchpriority=\"high\" decoding=\"async\" width=\"400\" height=\"400\" src=\"https:\/\/diagnova.com.ar\/wp-content\/uploads\/2026\/01\/news.png\" class=\"jet-listing-dynamic-image__img attachment-full size-full wp-post-image\" alt=\"news\" loading=\"eager\" \/><\/a><\/div>\t\t\t\t<\/div>\n\t\t\t\t\t<\/div>\n\t\t\t\t<\/div>\n\t\t\t\t<\/div>\r\n\t\t\t\t<div data-elementor-type=\"loop-item\" data-elementor-id=\"173\" class=\"elementor elementor-173 e-loop-item e-loop-item-201 post-201 post type-post status-publish format-standard has-post-thumbnail hentry category-uncategorized\" data-elementor-post-type=\"elementor_library\" data-custom-edit-handle=\"1\">\r\n\t\t\t<div data-particle_enable=\"false\" data-particle-mobile-disabled=\"false\" class=\"elementor-element elementor-element-de0f9ae e-flex e-con-boxed e-con e-parent\" data-id=\"de0f9ae\" data-element_type=\"container\" data-e-type=\"container\">\n\t\t\t\t\t<div class=\"e-con-inner\">\n\t\t\t\t<div class=\"elementor-element elementor-element-d858085 elementor-widget elementor-widget-theme-post-title elementor-page-title elementor-widget-heading\" data-id=\"d858085\" data-element_type=\"widget\" data-e-type=\"widget\" data-widget_type=\"theme-post-title.default\">\n\t\t\t\t\t<h6 class=\"elementor-heading-title elementor-size-default\"><a href=\"https:\/\/diagnova.com.ar\/index.php\/2026\/01\/30\/novedad-2-3\/\">Novedad 2<\/a><\/h6>\t\t\t\t<\/div>\n\t\t\t\t<div class=\"elementor-element elementor-element-0a60374 eael_liquid_glass-effect1 eael_liquid_glass_shadow-effect1 elementor-widget elementor-widget-jet-listing-dynamic-image\" data-id=\"0a60374\" data-element_type=\"widget\" data-e-type=\"widget\" data-widget_type=\"jet-listing-dynamic-image.default\">\n\t\t\t\t\t<div class=\"jet-listing jet-listing-dynamic-image\" ><a href=\"https:\/\/diagnova.com.ar\/index.php\/2026\/01\/30\/novedad-2-3\/\" class=\"jet-listing-dynamic-image__link\"><img fetchpriority=\"high\" decoding=\"async\" width=\"400\" height=\"400\" src=\"https:\/\/diagnova.com.ar\/wp-content\/uploads\/2026\/01\/news.png\" class=\"jet-listing-dynamic-image__img attachment-full size-full wp-post-image\" alt=\"news\" loading=\"eager\" \/><\/a><\/div>\t\t\t\t<\/div>\n\t\t\t\t\t<\/div>\n\t\t\t\t<\/div>\n\t\t\t\t<\/div>\r\n\t\t\t\t<div data-elementor-type=\"loop-item\" data-elementor-id=\"173\" class=\"elementor elementor-173 e-loop-item e-loop-item-193 post-193 post type-post status-publish format-standard has-post-thumbnail hentry category-uncategorized\" data-elementor-post-type=\"elementor_library\" data-custom-edit-handle=\"1\">\r\n\t\t\t<div data-particle_enable=\"false\" data-particle-mobile-disabled=\"false\" class=\"elementor-element elementor-element-de0f9ae e-flex e-con-boxed e-con e-parent\" data-id=\"de0f9ae\" data-element_type=\"container\" data-e-type=\"container\">\n\t\t\t\t\t<div class=\"e-con-inner\">\n\t\t\t\t<div class=\"elementor-element elementor-element-d858085 elementor-widget elementor-widget-theme-post-title elementor-page-title elementor-widget-heading\" data-id=\"d858085\" data-element_type=\"widget\" data-e-type=\"widget\" data-widget_type=\"theme-post-title.default\">\n\t\t\t\t\t<h6 class=\"elementor-heading-title elementor-size-default\"><a href=\"https:\/\/diagnova.com.ar\/index.php\/2026\/01\/30\/novedad-2-2\/\">Novedad 3<\/a><\/h6>\t\t\t\t<\/div>\n\t\t\t\t<div class=\"elementor-element elementor-element-0a60374 eael_liquid_glass-effect1 eael_liquid_glass_shadow-effect1 elementor-widget elementor-widget-jet-listing-dynamic-image\" data-id=\"0a60374\" data-element_type=\"widget\" data-e-type=\"widget\" data-widget_type=\"jet-listing-dynamic-image.default\">\n\t\t\t\t\t<div class=\"jet-listing jet-listing-dynamic-image\" ><a href=\"https:\/\/diagnova.com.ar\/index.php\/2026\/01\/30\/novedad-2-2\/\" class=\"jet-listing-dynamic-image__link\"><img fetchpriority=\"high\" decoding=\"async\" width=\"400\" height=\"400\" src=\"https:\/\/diagnova.com.ar\/wp-content\/uploads\/2026\/01\/news.png\" class=\"jet-listing-dynamic-image__img attachment-full size-full wp-post-image\" alt=\"news\" loading=\"eager\" \/><\/a><\/div>\t\t\t\t<\/div>\n\t\t\t\t\t<\/div>\n\t\t\t\t<\/div>\n\t\t\t\t<\/div>\r\n\t\t\t\t<\/div>\r\n\t\t\r\n\t\t\t\t\t\t<\/div>\n\t\t\t\t<\/div>\n\t\t\t\t\t<\/div>\n\t\t\t\t<\/div>\n\t\t\t\t<\/div>\n\t\t","protected":false},"excerpt":{"rendered":"<p>DiagnovaNOVEDADES C\u00f3mo funciona un visualizador de venas En la pr\u00e1ctica m\u00e9dica, localizar venas puede ser un desaf\u00edo, especialmente en pacientes con venas poco visibles, ni\u00f1os o adultos mayores. Los visualizadores de venas simplifican este procedimiento al proyectar en la piel un mapa en tiempo real de la red venosa superficial, brindando seguridad y confianza tanto [&hellip;]<\/p>\n","protected":false},"author":1,"featured_media":0,"parent":0,"menu_order":0,"comment_status":"closed","ping_status":"closed","template":"","meta":{"footnotes":""},"class_list":["post-154","page","type-page","status-publish","hentry"],"_links":{"self":[{"href":"https:\/\/diagnova.com.ar\/index.php\/wp-json\/wp\/v2\/pages\/154","targetHints":{"allow":["GET"]}}],"collection":[{"href":"https:\/\/diagnova.com.ar\/index.php\/wp-json\/wp\/v2\/pages"}],"about":[{"href":"https:\/\/diagnova.com.ar\/index.php\/wp-json\/wp\/v2\/types\/page"}],"author":[{"embeddable":true,"href":"https:\/\/diagnova.com.ar\/index.php\/wp-json\/wp\/v2\/users\/1"}],"replies":[{"embeddable":true,"href":"https:\/\/diagnova.com.ar\/index.php\/wp-json\/wp\/v2\/comments?post=154"}],"version-history":[{"count":20,"href":"https:\/\/diagnova.com.ar\/index.php\/wp-json\/wp\/v2\/pages\/154\/revisions"}],"predecessor-version":[{"id":198,"href":"https:\/\/diagnova.com.ar\/index.php\/wp-json\/wp\/v2\/pages\/154\/revisions\/198"}],"wp:attachment":[{"href":"https:\/\/diagnova.com.ar\/index.php\/wp-json\/wp\/v2\/media?parent=154"}],"curies":[{"name":"wp","href":"https:\/\/api.w.org\/{rel}","templated":true}]}}